{"id":1638,"date":"2010-11-16T11:50:31","date_gmt":"2010-11-16T09:50:31","guid":{"rendered":"http:\/\/www.clairebouilhac.com\/?page_id=1638"},"modified":"2013-12-18T08:58:03","modified_gmt":"2013-12-18T07:58:03","slug":"%e2%80%a2-rose-vallandun-album-chez-dupuis","status":"publish","type":"page","link":"https:\/\/www.clairebouilhac.com\/?page_id=1638","title":{"rendered":"&#8211; Rose Valland"},"content":{"rendered":"<p style=\"text-align: justify;\"><strong>\u2022 Bande dessin\u00e9e \u2022<\/strong><\/p>\n<p style=\"text-align: justify;\">album aux \u00e9ditions DUPUIS<\/p>\n<p style=\"text-align: justify;\">R\u00e9cit d&rsquo;un acte individuel de r\u00e9sistance \u00e0 l&rsquo;occupant, devenu la mission d&rsquo;une vie.<br \/>\nD\u00e8s le d\u00e9but de l&rsquo;occupation, Rose Valland, attach\u00e9e de conservation au Jeu de Paume, recense dans le plus grand secret les \u0153uvres vol\u00e9es aux Juifs, stock\u00e9es l\u00e0 en attendant d&rsquo;\u00eatre achemin\u00e9es en Allemagne.<br \/>\nEn 1945, avant m\u00eame la signature de l&rsquo;armistice, elle part \u00e0 la recherche des \u0153uvres vol\u00e9es, pour les ramener et les restituer \u00e0 leurs propri\u00e9taires.<br \/>\nOn estime aujourd&rsquo;hui qu&rsquo;elle est \u00e0 l&rsquo;origine du sauvetage de plus de la moiti\u00e9 du patrimoine culturel juif, d\u00e8s l&rsquo;imm\u00e9diat apr\u00e8s-guerre.<\/p>\n<p style=\"text-align: justify;\">La premi\u00e8re partie de l&rsquo;album retrace en bande dessin\u00e9e la vie de Rose Valland, la deuxi\u00e8me partie est une chronologie d\u00e9taill\u00e9e et tr\u00e8s richement illustr\u00e9e de photos et documents in\u00e9dits d&rsquo;\u00e9poque.<\/p>\n<p style=\"text-align: justify;\">Sc\u00e9nario : Claire BOUILHAC &amp; Emmanuelle POLACK<br \/>\nDessin : Catel MULLER<br \/>\nCouleurs : Claire CHAMPEVAL<\/p>\n<p style=\"text-align: justify;\"><img loading=\"lazy\" class=\"alignnone size-medium wp-image-1639\" title=\"rose valland\" src=\"https:\/\/www.clairebouilhac.com\/wp-content\/uploads\/2010\/11\/rose-valland-237x300.jpg\" alt=\"rose valland\" width=\"237\" height=\"300\" srcset=\"https:\/\/www.clairebouilhac.com\/wp-content\/uploads\/2010\/11\/rose-valland-237x300.jpg 237w, https:\/\/www.clairebouilhac.com\/wp-content\/uploads\/2010\/11\/rose-valland.jpg 407w\" sizes=\"(max-width: 237px) 100vw, 237px\" \/><\/p>\n<p style=\"text-align: justify;\"><img loading=\"lazy\" class=\"alignnone size-medium wp-image-1640\" title=\"rose val.coul\" src=\"https:\/\/www.clairebouilhac.com\/wp-content\/uploads\/2010\/11\/rose-val.coul--244x300.jpg\" alt=\"rose val.coul\" width=\"244\" height=\"300\" srcset=\"https:\/\/www.clairebouilhac.com\/wp-content\/uploads\/2010\/11\/rose-val.coul--244x300.jpg 244w, https:\/\/www.clairebouilhac.com\/wp-content\/uploads\/2010\/11\/rose-val.coul--835x1024.jpg 835w, https:\/\/www.clairebouilhac.com\/wp-content\/uploads\/2010\/11\/rose-val.coul-.jpg 2048w\" sizes=\"(max-width: 244px) 100vw, 244px\" \/><\/p>\n<p style=\"text-align: justify;\"><img loading=\"lazy\" class=\"alignnone size-medium wp-image-1643\" title=\"ROSE.V.COUL.01\" src=\"https:\/\/www.clairebouilhac.com\/wp-content\/uploads\/2010\/11\/ROSE.V.COUL.01-224x300.jpg\" alt=\"ROSE.V.COUL.01\" width=\"224\" height=\"300\" srcset=\"https:\/\/www.clairebouilhac.com\/wp-content\/uploads\/2010\/11\/ROSE.V.COUL.01-224x300.jpg 224w, https:\/\/www.clairebouilhac.com\/wp-content\/uploads\/2010\/11\/ROSE.V.COUL.01-766x1023.jpg 766w, https:\/\/www.clairebouilhac.com\/wp-content\/uploads\/2010\/11\/ROSE.V.COUL.01.jpg 886w\" sizes=\"(max-width: 224px) 100vw, 224px\" \/><\/p>\n<p style=\"text-align: justify;\"><img loading=\"lazy\" class=\"alignnone size-medium wp-image-1641\" title=\"ROSE.V.COUL.02\" src=\"https:\/\/www.clairebouilhac.com\/wp-content\/uploads\/2010\/11\/ROSE.V.COUL.02-222x300.jpg\" alt=\"ROSE.V.COUL.02\" width=\"222\" height=\"300\" srcset=\"https:\/\/www.clairebouilhac.com\/wp-content\/uploads\/2010\/11\/ROSE.V.COUL.02-222x300.jpg 222w, https:\/\/www.clairebouilhac.com\/wp-content\/uploads\/2010\/11\/ROSE.V.COUL.02-761x1024.jpg 761w, https:\/\/www.clairebouilhac.com\/wp-content\/uploads\/2010\/11\/ROSE.V.COUL.02.jpg 886w\" sizes=\"(max-width: 222px) 100vw, 222px\" \/><\/p>\n<p style=\"text-align: justify;\"><img loading=\"lazy\" class=\"alignnone size-medium wp-image-1642\" title=\"ROSE.V.COUL.03\" src=\"https:\/\/www.clairebouilhac.com\/wp-content\/uploads\/2010\/11\/ROSE.V.COUL.03-217x300.jpg\" alt=\"ROSE.V.COUL.03\" width=\"217\" height=\"300\" srcset=\"https:\/\/www.clairebouilhac.com\/wp-content\/uploads\/2010\/11\/ROSE.V.COUL.03-217x300.jpg 217w, https:\/\/www.clairebouilhac.com\/wp-content\/uploads\/2010\/11\/ROSE.V.COUL.03-743x1024.jpg 743w, https:\/\/www.clairebouilhac.com\/wp-content\/uploads\/2010\/11\/ROSE.V.COUL.03.jpg 886w\" sizes=\"(max-width: 217px) 100vw, 217px\" \/><\/p>\n<p style=\"text-align: justify;\"><a href=\"http:\/\/www.dupuis.com\/catalogue\/FR\/al\/19644\/rose_valland_capitaine_beaux-arts.html\" target=\"blank\">le site de DUPUIS<\/a><\/p>\n","protected":false},"excerpt":{"rendered":"<p>\u2022 Bande dessin\u00e9e \u2022 album aux \u00e9ditions DUPUIS R\u00e9cit d&rsquo;un acte individuel de r\u00e9sistance \u00e0 l&rsquo;occupant, devenu la mission d&rsquo;une vie. D\u00e8s le d\u00e9but de l&rsquo;occupation, Rose Valland, attach\u00e9e de conservation au Jeu de Paume, recense dans le plus grand secret les \u0153uvres vol\u00e9es aux Juifs, stock\u00e9es l\u00e0 en attendant d&rsquo;\u00eatre achemin\u00e9es en Allemagne. En [&hellip;]<\/p>\n","protected":false},"author":1,"featured_media":0,"parent":1851,"menu_order":0,"comment_status":"open","ping_status":"open","template":"","meta":[],"aioseo_notices":[],"_links":{"self":[{"href":"https:\/\/www.clairebouilhac.com\/index.php?rest_route=\/wp\/v2\/pages\/1638"}],"collection":[{"href":"https:\/\/www.clairebouilhac.com\/index.php?rest_route=\/wp\/v2\/pages"}],"about":[{"href":"https:\/\/www.clairebouilhac.com\/index.php?rest_route=\/wp\/v2\/types\/page"}],"author":[{"embeddable":true,"href":"https:\/\/www.clairebouilhac.com\/index.php?rest_route=\/wp\/v2\/users\/1"}],"replies":[{"embeddable":true,"href":"https:\/\/www.clairebouilhac.com\/index.php?rest_route=%2Fwp%2Fv2%2Fcomments&post=1638"}],"version-history":[{"count":14,"href":"https:\/\/www.clairebouilhac.com\/index.php?rest_route=\/wp\/v2\/pages\/1638\/revisions"}],"predecessor-version":[{"id":1645,"href":"https:\/\/www.clairebouilhac.com\/index.php?rest_route=\/wp\/v2\/pages\/1638\/revisions\/1645"}],"up":[{"embeddable":true,"href":"https:\/\/www.clairebouilhac.com\/index.php?rest_route=\/wp\/v2\/pages\/1851"}],"wp:attachment":[{"href":"https:\/\/www.clairebouilhac.com\/index.php?rest_route=%2Fwp%2Fv2%2Fmedia&parent=1638"}],"curies":[{"name":"wp","href":"https:\/\/api.w.org\/{rel}","templated":true}]}}

<p style="text-align: justify;"><strong>• Bande dessinée •</strong></p>
<p style="text-align: justify;">album aux éditions DUPUIS</p>
<p style="text-align: justify;">Récit d&rsquo;un acte individuel de résistance à l&rsquo;occupant, devenu la mission d&rsquo;une vie.<br />
Dès le début de l&rsquo;occupation, Rose Valland, attachée de conservation au Jeu de Paume, recense dans le plus grand secret les œuvres volées aux Juifs, stockées là en attendant d&rsquo;être acheminées en Allemagne.<br />
En 1945, avant même la signature de l&rsquo;armistice, elle part à la recherche des œuvres volées, pour les ramener et les restituer à leurs propriétaires.<br />
On estime aujourd&rsquo;hui qu&rsquo;elle est à l&rsquo;origine du sauvetage de plus de la moitié du patrimoine culturel juif, dès l&rsquo;immédiat après-guerre.</p>
<p style="text-align: justify;">La première partie de l&rsquo;album retrace en bande dessinée la vie de Rose Valland, la deuxième partie est une chronologie détaillée et très richement illustrée de photos et documents inédits d&rsquo;époque.</p>
<p style="text-align: justify;">Scénario : Claire BOUILHAC &amp; Emmanuelle POLACK<br />
Dessin : Catel MULLER<br />
Couleurs : Claire CHAMPEVAL</p>
<p style="text-align: justify;"><img loading="lazy" class="alignnone size-medium wp-image-1639" title="rose valland" src="https://www.clairebouilhac.com/wp-content/uploads/2010/11/rose-valland-237x300.jpg" alt="rose valland" width="237" height="300" srcset="https://www.clairebouilhac.com/wp-content/uploads/2010/11/rose-valland-237x300.jpg 237w, https://www.clairebouilhac.com/wp-content/uploads/2010/11/rose-valland.jpg 407w" sizes="(max-width: 237px) 100vw, 237px" /></p>
<p style="text-align: justify;"><img loading="lazy" class="alignnone size-medium wp-image-1640" title="rose val.coul" src="https://www.clairebouilhac.com/wp-content/uploads/2010/11/rose-val.coul--244x300.jpg" alt="rose val.coul" width="244" height="300" srcset="https://www.clairebouilhac.com/wp-content/uploads/2010/11/rose-val.coul--244x300.jpg 244w, https://www.clairebouilhac.com/wp-content/uploads/2010/11/rose-val.coul--835x1024.jpg 835w, https://www.clairebouilhac.com/wp-content/uploads/2010/11/rose-val.coul-.jpg 2048w" sizes="(max-width: 244px) 100vw, 244px" /></p>
<p style="text-align: justify;"><img loading="lazy" class="alignnone size-medium wp-image-1643" title="ROSE.V.COUL.01" src="https://www.clairebouilhac.com/wp-content/uploads/2010/11/ROSE.V.COUL.01-224x300.jpg" alt="ROSE.V.COUL.01" width="224" height="300" srcset="https://www.clairebouilhac.com/wp-content/uploads/2010/11/ROSE.V.COUL.01-224x300.jpg 224w, https://www.clairebouilhac.com/wp-content/uploads/2010/11/ROSE.V.COUL.01-766x1023.jpg 766w, https://www.clairebouilhac.com/wp-content/uploads/2010/11/ROSE.V.COUL.01.jpg 886w" sizes="(max-width: 224px) 100vw, 224px" /></p>
<p style="text-align: justify;"><img loading="lazy" class="alignnone size-medium wp-image-1641" title="ROSE.V.COUL.02" src="https://www.clairebouilhac.com/wp-content/uploads/2010/11/ROSE.V.COUL.02-222x300.jpg" alt="ROSE.V.COUL.02" width="222" height="300" srcset="https://www.clairebouilhac.com/wp-content/uploads/2010/11/ROSE.V.COUL.02-222x300.jpg 222w, https://www.clairebouilhac.com/wp-content/uploads/2010/11/ROSE.V.COUL.02-761x1024.jpg 761w, https://www.clairebouilhac.com/wp-content/uploads/2010/11/ROSE.V.COUL.02.jpg 886w" sizes="(max-width: 222px) 100vw, 222px" /></p>
<p style="text-align: justify;"><img loading="lazy" class="alignnone size-medium wp-image-1642" title="ROSE.V.COUL.03" src="https://www.clairebouilhac.com/wp-content/uploads/2010/11/ROSE.V.COUL.03-217x300.jpg" alt="ROSE.V.COUL.03" width="217" height="300" srcset="https://www.clairebouilhac.com/wp-content/uploads/2010/11/ROSE.V.COUL.03-217x300.jpg 217w, https://www.clairebouilhac.com/wp-content/uploads/2010/11/ROSE.V.COUL.03-743x1024.jpg 743w, https://www.clairebouilhac.com/wp-content/uploads/2010/11/ROSE.V.COUL.03.jpg 886w" sizes="(max-width: 217px) 100vw, 217px" /></p>
<p style="text-align: justify;"><a href="http://www.dupuis.com/catalogue/FR/al/19644/rose_valland_capitaine_beaux-arts.html" target="blank">le site de DUPUIS</a></p>

<p>• Bande dessinée • album aux éditions DUPUIS Récit d&rsquo;un acte individuel de résistance à l&rsquo;occupant, devenu la mission d&rsquo;une vie. Dès le début de l&rsquo;occupation, Rose Valland, attachée de conservation au Jeu de Paume, recense dans le plus grand secret les œuvres volées aux Juifs, stockées là en attendant d&rsquo;être acheminées en Allemagne. En [&hellip;]</p>
