{"id":2297,"date":"2012-03-13T14:42:38","date_gmt":"2012-03-13T13:42:38","guid":{"rendered":"http:\/\/www.clairebouilhac.com\/?page_id=2297"},"modified":"2016-10-30T07:46:55","modified_gmt":"2016-10-30T06:46:55","slug":"%e2%80%a2-marion-et-charles","status":"publish","type":"page","link":"https:\/\/www.clairebouilhac.com\/?page_id=2297","title":{"rendered":"\u2022 Marion et Charles"},"content":{"rendered":"<p>Couleurs des \u00e9pisodes de la s\u00e9rie <em>Marion et Charles<\/em>, sc\u00e9nario Fanny Joly, dessin <a href=\"http:\/\/www.catel-m.com\/\"target=\"blank\">Catel Muller.<\/a><br \/>\n<em>Je bouquine<\/em>, \u00e9ditions Bayard jeunesse.<\/p>\n\n\t\t<style type=\"text\/css\">\n\t\t\t#gallery-1 {\n\t\t\t\tmargin: auto;\n\t\t\t}\n\t\t\t#gallery-1 .gallery-item {\n\t\t\t\tfloat: left;\n\t\t\t\tmargin-top: 10px;\n\t\t\t\ttext-align: center;\n\t\t\t\twidth: 33%;\n\t\t\t}\n\t\t\t#gallery-1 img {\n\t\t\t\tborder: 2px solid #cfcfcf;\n\t\t\t}\n\t\t\t#gallery-1 .gallery-caption {\n\t\t\t\tmargin-left: 0;\n\t\t\t}\n\t\t\t\/* see gallery_shortcode() in wp-includes\/media.php *\/\n\t\t<\/style>\n\t\t<div id='gallery-1' class='gallery galleryid-2297 gallery-columns-3 gallery-size-thumbnail'><dl class='gallery-item'>\n\t\t\t<dt class='gallery-icon portrait'>\n\t\t\t\t<a href='https:\/\/www.clairebouilhac.com\/?attachment_id=2730'><img width=\"150\" height=\"150\" src=\"https:\/\/www.clairebouilhac.com\/wp-content\/uploads\/2012\/03\/MagicM-couv-COUL-150-150x150.jpg\" class=\"attachment-thumbnail size-thumbnail\" alt=\"\" loading=\"lazy\" \/><\/a>\n\t\t\t<\/dt><\/dl><dl class='gallery-item'>\n\t\t\t<dt class='gallery-icon portrait'>\n\t\t\t\t<a href='https:\/\/www.clairebouilhac.com\/?attachment_id=2731'><img width=\"150\" height=\"150\" src=\"https:\/\/www.clairebouilhac.com\/wp-content\/uploads\/2012\/03\/MagicM-p-entr\u00e9e-COUL-150-150x150.jpg\" class=\"attachment-thumbnail size-thumbnail\" alt=\"\" loading=\"lazy\" \/><\/a>\n\t\t\t<\/dt><\/dl><dl class='gallery-item'>\n\t\t\t<dt class='gallery-icon landscape'>\n\t\t\t\t<a href='https:\/\/www.clairebouilhac.com\/?attachment_id=2732'><img width=\"150\" height=\"150\" src=\"https:\/\/www.clairebouilhac.com\/wp-content\/uploads\/2012\/03\/MagicM-p4-balai-COUL-150-150x150.jpg\" class=\"attachment-thumbnail size-thumbnail\" alt=\"\" loading=\"lazy\" srcset=\"https:\/\/www.clairebouilhac.com\/wp-content\/uploads\/2012\/03\/MagicM-p4-balai-COUL-150-150x150.jpg 150w, https:\/\/www.clairebouilhac.com\/wp-content\/uploads\/2012\/03\/MagicM-p4-balai-COUL-150-300x300.jpg 300w, https:\/\/www.clairebouilhac.com\/wp-content\/uploads\/2012\/03\/MagicM-p4-balai-COUL-150.jpg 531w\" sizes=\"(max-width: 150px) 100vw, 150px\" \/><\/a>\n\t\t\t<\/dt><\/dl><br style=\"clear: both\" \/><dl class='gallery-item'>\n\t\t\t<dt class='gallery-icon portrait'>\n\t\t\t\t<a href='https:\/\/www.clairebouilhac.com\/?attachment_id=2734'><img width=\"150\" height=\"150\" src=\"https:\/\/www.clairebouilhac.com\/wp-content\/uploads\/2012\/03\/MagicM-p8a-chic-COUL-150-150x150.jpg\" class=\"attachment-thumbnail size-thumbnail\" alt=\"\" loading=\"lazy\" \/><\/a>\n\t\t\t<\/dt><\/dl><dl class='gallery-item'>\n\t\t\t<dt class='gallery-icon landscape'>\n\t\t\t\t<a href='https:\/\/www.clairebouilhac.com\/?attachment_id=2735'><img width=\"150\" height=\"150\" src=\"https:\/\/www.clairebouilhac.com\/wp-content\/uploads\/2012\/03\/MagicM-p10b-apero-COUL-150-150x150.jpg\" class=\"attachment-thumbnail size-thumbnail\" alt=\"\" loading=\"lazy\" \/><\/a>\n\t\t\t<\/dt><\/dl><dl class='gallery-item'>\n\t\t\t<dt class='gallery-icon landscape'>\n\t\t\t\t<a href='https:\/\/www.clairebouilhac.com\/?attachment_id=2736'><img width=\"150\" height=\"150\" src=\"https:\/\/www.clairebouilhac.com\/wp-content\/uploads\/2012\/03\/MagicM-p11-charles-SDB-COUL-150-150x150.jpg\" class=\"attachment-thumbnail size-thumbnail\" alt=\"\" loading=\"lazy\" srcset=\"https:\/\/www.clairebouilhac.com\/wp-content\/uploads\/2012\/03\/MagicM-p11-charles-SDB-COUL-150-150x150.jpg 150w, https:\/\/www.clairebouilhac.com\/wp-content\/uploads\/2012\/03\/MagicM-p11-charles-SDB-COUL-150-300x300.jpg 300w, https:\/\/www.clairebouilhac.com\/wp-content\/uploads\/2012\/03\/MagicM-p11-charles-SDB-COUL-150.jpg 591w\" sizes=\"(max-width: 150px) 100vw, 150px\" \/><\/a>\n\t\t\t<\/dt><\/dl><br style=\"clear: both\" \/><dl class='gallery-item'>\n\t\t\t<dt class='gallery-icon landscape'>\n\t\t\t\t<a href='https:\/\/www.clairebouilhac.com\/?attachment_id=2737'><img width=\"150\" height=\"150\" src=\"https:\/\/www.clairebouilhac.com\/wp-content\/uploads\/2012\/03\/MagicM-p12c-hug-COUL-150-150x150.jpg\" class=\"attachment-thumbnail size-thumbnail\" alt=\"\" loading=\"lazy\" srcset=\"https:\/\/www.clairebouilhac.com\/wp-content\/uploads\/2012\/03\/MagicM-p12c-hug-COUL-150-150x150.jpg 150w, https:\/\/www.clairebouilhac.com\/wp-content\/uploads\/2012\/03\/MagicM-p12c-hug-COUL-150-300x300.jpg 300w, https:\/\/www.clairebouilhac.com\/wp-content\/uploads\/2012\/03\/MagicM-p12c-hug-COUL-150.jpg 531w\" sizes=\"(max-width: 150px) 100vw, 150px\" \/><\/a>\n\t\t\t<\/dt><\/dl><dl class='gallery-item'>\n\t\t\t<dt class='gallery-icon landscape'>\n\t\t\t\t<a href='https:\/\/www.clairebouilhac.com\/?attachment_id=2738'><img width=\"150\" height=\"150\" src=\"https:\/\/www.clairebouilhac.com\/wp-content\/uploads\/2012\/03\/MagicM-p13-avion-COUL-150-150x150.jpg\" class=\"attachment-thumbnail size-thumbnail\" alt=\"\" loading=\"lazy\" \/><\/a>\n\t\t\t<\/dt><\/dl><dl class='gallery-item'>\n\t\t\t<dt class='gallery-icon portrait'>\n\t\t\t\t<a href='https:\/\/www.clairebouilhac.com\/?attachment_id=2739'><img width=\"150\" height=\"150\" src=\"https:\/\/www.clairebouilhac.com\/wp-content\/uploads\/2012\/03\/MagicM-p14-bonjour-COUL-150-150x150.jpg\" class=\"attachment-thumbnail size-thumbnail\" alt=\"\" loading=\"lazy\" \/><\/a>\n\t\t\t<\/dt><\/dl><br style=\"clear: both\" \/><dl class='gallery-item'>\n\t\t\t<dt class='gallery-icon landscape'>\n\t\t\t\t<a href='https:\/\/www.clairebouilhac.com\/?attachment_id=2740'><img width=\"150\" height=\"150\" src=\"https:\/\/www.clairebouilhac.com\/wp-content\/uploads\/2012\/03\/MagicM-p15-arriv\u00e9e-COUL-150-150x150.jpg\" class=\"attachment-thumbnail size-thumbnail\" alt=\"\" loading=\"lazy\" \/><\/a>\n\t\t\t<\/dt><\/dl><dl class='gallery-item'>\n\t\t\t<dt class='gallery-icon landscape'>\n\t\t\t\t<a href='https:\/\/www.clairebouilhac.com\/?attachment_id=2741'><img width=\"150\" height=\"150\" src=\"https:\/\/www.clairebouilhac.com\/wp-content\/uploads\/2012\/03\/MagicM-p16-tv-du-monde-COUL-150-150x150.jpg\" class=\"attachment-thumbnail size-thumbnail\" alt=\"\" loading=\"lazy\" \/><\/a>\n\t\t\t<\/dt><\/dl><dl class='gallery-item'>\n\t\t\t<dt class='gallery-icon landscape'>\n\t\t\t\t<a href='https:\/\/www.clairebouilhac.com\/?attachment_id=2742'><img width=\"150\" height=\"150\" src=\"https:\/\/www.clairebouilhac.com\/wp-content\/uploads\/2012\/03\/MagicM-p17-couple-COUL-150-150x150.jpg\" class=\"attachment-thumbnail size-thumbnail\" alt=\"\" loading=\"lazy\" srcset=\"https:\/\/www.clairebouilhac.com\/wp-content\/uploads\/2012\/03\/MagicM-p17-couple-COUL-150-150x150.jpg 150w, https:\/\/www.clairebouilhac.com\/wp-content\/uploads\/2012\/03\/MagicM-p17-couple-COUL-150-300x300.jpg 300w, https:\/\/www.clairebouilhac.com\/wp-content\/uploads\/2012\/03\/MagicM-p17-couple-COUL-150.jpg 354w\" sizes=\"(max-width: 150px) 100vw, 150px\" \/><\/a>\n\t\t\t<\/dt><\/dl><br style=\"clear: both\" \/><dl class='gallery-item'>\n\t\t\t<dt class='gallery-icon portrait'>\n\t\t\t\t<a href='https:\/\/www.clairebouilhac.com\/?attachment_id=2743'><img width=\"150\" height=\"150\" src=\"https:\/\/www.clairebouilhac.com\/wp-content\/uploads\/2012\/03\/MagicM-p17-Franky-COUL-150-150x150.jpg\" class=\"attachment-thumbnail size-thumbnail\" alt=\"\" loading=\"lazy\" \/><\/a>\n\t\t\t<\/dt><\/dl><dl class='gallery-item'>\n\t\t\t<dt class='gallery-icon landscape'>\n\t\t\t\t<a href='https:\/\/www.clairebouilhac.com\/?attachment_id=2744'><img width=\"150\" height=\"150\" src=\"https:\/\/www.clairebouilhac.com\/wp-content\/uploads\/2012\/03\/MagicM-p18-d\u00eener-COUL-150-150x150.jpg\" class=\"attachment-thumbnail size-thumbnail\" alt=\"\" loading=\"lazy\" \/><\/a>\n\t\t\t<\/dt><\/dl><dl class='gallery-item'>\n\t\t\t<dt class='gallery-icon portrait'>\n\t\t\t\t<a href='https:\/\/www.clairebouilhac.com\/?attachment_id=2745'><img width=\"150\" height=\"150\" src=\"https:\/\/www.clairebouilhac.com\/wp-content\/uploads\/2012\/03\/MagicM-p19-nuit-COUL-150-150x150.jpg\" class=\"attachment-thumbnail size-thumbnail\" alt=\"\" loading=\"lazy\" \/><\/a>\n\t\t\t<\/dt><\/dl><br style=\"clear: both\" \/><dl class='gallery-item'>\n\t\t\t<dt class='gallery-icon landscape'>\n\t\t\t\t<a href='https:\/\/www.clairebouilhac.com\/?attachment_id=2746'><img width=\"150\" height=\"150\" src=\"https:\/\/www.clairebouilhac.com\/wp-content\/uploads\/2012\/03\/MagicM-p21-BALEINE-COUL-150-150x150.jpg\" class=\"attachment-thumbnail size-thumbnail\" alt=\"\" loading=\"lazy\" \/><\/a>\n\t\t\t<\/dt><\/dl><dl class='gallery-item'>\n\t\t\t<dt class='gallery-icon landscape'>\n\t\t\t\t<a href='https:\/\/www.clairebouilhac.com\/?attachment_id=2747'><img width=\"150\" height=\"150\" src=\"https:\/\/www.clairebouilhac.com\/wp-content\/uploads\/2012\/03\/MagicM-p21-questionM-COUL-150-150x150.jpg\" class=\"attachment-thumbnail size-thumbnail\" alt=\"\" loading=\"lazy\" \/><\/a>\n\t\t\t<\/dt><\/dl><dl class='gallery-item'>\n\t\t\t<dt class='gallery-icon portrait'>\n\t\t\t\t<a href='https:\/\/www.clairebouilhac.com\/?attachment_id=2748'><img width=\"150\" height=\"150\" src=\"https:\/\/www.clairebouilhac.com\/wp-content\/uploads\/2012\/03\/MagicM-p22-Cam-amie-COUL-150-150x150.jpg\" class=\"attachment-thumbnail size-thumbnail\" alt=\"\" loading=\"lazy\" \/><\/a>\n\t\t\t<\/dt><\/dl><br style=\"clear: both\" \/><dl class='gallery-item'>\n\t\t\t<dt class='gallery-icon landscape'>\n\t\t\t\t<a href='https:\/\/www.clairebouilhac.com\/?attachment_id=2750'><img width=\"150\" height=\"150\" src=\"https:\/\/www.clairebouilhac.com\/wp-content\/uploads\/2012\/03\/MagicM-p23-enfer-COUL-150-150x150.jpg\" class=\"attachment-thumbnail size-thumbnail\" alt=\"\" loading=\"lazy\" srcset=\"https:\/\/www.clairebouilhac.com\/wp-content\/uploads\/2012\/03\/MagicM-p23-enfer-COUL-150-150x150.jpg 150w, https:\/\/www.clairebouilhac.com\/wp-content\/uploads\/2012\/03\/MagicM-p23-enfer-COUL-150-300x300.jpg 300w, https:\/\/www.clairebouilhac.com\/wp-content\/uploads\/2012\/03\/MagicM-p23-enfer-COUL-150.jpg 650w\" sizes=\"(max-width: 150px) 100vw, 150px\" \/><\/a>\n\t\t\t<\/dt><\/dl><dl class='gallery-item'>\n\t\t\t<dt class='gallery-icon landscape'>\n\t\t\t\t<a href='https:\/\/www.clairebouilhac.com\/?attachment_id=2751'><img width=\"150\" height=\"150\" src=\"https:\/\/www.clairebouilhac.com\/wp-content\/uploads\/2012\/03\/MagicM-p24-assise-COUL-150-150x150.jpg\" class=\"attachment-thumbnail size-thumbnail\" alt=\"\" loading=\"lazy\" \/><\/a>\n\t\t\t<\/dt><\/dl><dl class='gallery-item'>\n\t\t\t<dt class='gallery-icon landscape'>\n\t\t\t\t<a href='https:\/\/www.clairebouilhac.com\/?attachment_id=2752'><img width=\"150\" height=\"150\" src=\"https:\/\/www.clairebouilhac.com\/wp-content\/uploads\/2012\/03\/MagicM-p26-zero-COUL-150-150x150.jpg\" class=\"attachment-thumbnail size-thumbnail\" alt=\"\" loading=\"lazy\" \/><\/a>\n\t\t\t<\/dt><\/dl><br style=\"clear: both\" \/><dl class='gallery-item'>\n\t\t\t<dt class='gallery-icon landscape'>\n\t\t\t\t<a href='https:\/\/www.clairebouilhac.com\/?attachment_id=2753'><img width=\"150\" height=\"150\" src=\"https:\/\/www.clairebouilhac.com\/wp-content\/uploads\/2012\/03\/MagicM-p27-bouhou-COUL-150-150x150.jpg\" class=\"attachment-thumbnail size-thumbnail\" alt=\"\" loading=\"lazy\" \/><\/a>\n\t\t\t<\/dt><\/dl><dl class='gallery-item'>\n\t\t\t<dt class='gallery-icon portrait'>\n\t\t\t\t<a href='https:\/\/www.clairebouilhac.com\/?attachment_id=2754'><img width=\"150\" height=\"150\" src=\"https:\/\/www.clairebouilhac.com\/wp-content\/uploads\/2012\/03\/MagicM-p28-essayage-COUL-150-150x150.jpg\" class=\"attachment-thumbnail size-thumbnail\" alt=\"\" loading=\"lazy\" \/><\/a>\n\t\t\t<\/dt><\/dl><dl class='gallery-item'>\n\t\t\t<dt class='gallery-icon landscape'>\n\t\t\t\t<a href='https:\/\/www.clairebouilhac.com\/?attachment_id=2756'><img width=\"150\" height=\"150\" src=\"https:\/\/www.clairebouilhac.com\/wp-content\/uploads\/2012\/03\/MagicM-p29-dispute-COUL-150-150x150.jpg\" class=\"attachment-thumbnail size-thumbnail\" alt=\"\" loading=\"lazy\" \/><\/a>\n\t\t\t<\/dt><\/dl><br style=\"clear: both\" \/><dl class='gallery-item'>\n\t\t\t<dt class='gallery-icon landscape'>\n\t\t\t\t<a href='https:\/\/www.clairebouilhac.com\/?attachment_id=2757'><img width=\"150\" height=\"150\" src=\"https:\/\/www.clairebouilhac.com\/wp-content\/uploads\/2012\/03\/MagicM-p29-MarionPlage-COUL-150-150x150.jpg\" class=\"attachment-thumbnail size-thumbnail\" alt=\"\" loading=\"lazy\" srcset=\"https:\/\/www.clairebouilhac.com\/wp-content\/uploads\/2012\/03\/MagicM-p29-MarionPlage-COUL-150-150x150.jpg 150w, https:\/\/www.clairebouilhac.com\/wp-content\/uploads\/2012\/03\/MagicM-p29-MarionPlage-COUL-150-300x300.jpg 300w, https:\/\/www.clairebouilhac.com\/wp-content\/uploads\/2012\/03\/MagicM-p29-MarionPlage-COUL-150.jpg 709w\" sizes=\"(max-width: 150px) 100vw, 150px\" \/><\/a>\n\t\t\t<\/dt><\/dl><dl class='gallery-item'>\n\t\t\t<dt class='gallery-icon landscape'>\n\t\t\t\t<a href='https:\/\/www.clairebouilhac.com\/?attachment_id=2759'><img width=\"150\" height=\"150\" src=\"https:\/\/www.clairebouilhac.com\/wp-content\/uploads\/2012\/03\/MagicM-p31-BD-Norbert-COUL-150-150x150.jpg\" class=\"attachment-thumbnail size-thumbnail\" alt=\"\" loading=\"lazy\" \/><\/a>\n\t\t\t<\/dt><\/dl><dl class='gallery-item'>\n\t\t\t<dt class='gallery-icon landscape'>\n\t\t\t\t<a href='https:\/\/www.clairebouilhac.com\/?attachment_id=2761'><img width=\"150\" height=\"150\" src=\"https:\/\/www.clairebouilhac.com\/wp-content\/uploads\/2012\/03\/MagicM-p32-quimbois-COUL-150-150x150.jpg\" class=\"attachment-thumbnail size-thumbnail\" alt=\"\" loading=\"lazy\" srcset=\"https:\/\/www.clairebouilhac.com\/wp-content\/uploads\/2012\/03\/MagicM-p32-quimbois-COUL-150-150x150.jpg 150w, https:\/\/www.clairebouilhac.com\/wp-content\/uploads\/2012\/03\/MagicM-p32-quimbois-COUL-150-300x300.jpg 300w, https:\/\/www.clairebouilhac.com\/wp-content\/uploads\/2012\/03\/MagicM-p32-quimbois-COUL-150.jpg 650w\" sizes=\"(max-width: 150px) 100vw, 150px\" \/><\/a>\n\t\t\t<\/dt><\/dl><br style=\"clear: both\" \/><dl class='gallery-item'>\n\t\t\t<dt class='gallery-icon landscape'>\n\t\t\t\t<a href='https:\/\/www.clairebouilhac.com\/?attachment_id=2762'><img width=\"150\" height=\"150\" src=\"https:\/\/www.clairebouilhac.com\/wp-content\/uploads\/2012\/03\/MagicM-p35-Idaime-COUL-150-150x150.jpg\" class=\"attachment-thumbnail size-thumbnail\" alt=\"\" loading=\"lazy\" \/><\/a>\n\t\t\t<\/dt><\/dl><dl class='gallery-item'>\n\t\t\t<dt class='gallery-icon portrait'>\n\t\t\t\t<a href='https:\/\/www.clairebouilhac.com\/?attachment_id=2763'><img width=\"150\" height=\"150\" src=\"https:\/\/www.clairebouilhac.com\/wp-content\/uploads\/2012\/03\/MagicM-p36-bar-COUL-150-150x150.jpg\" class=\"attachment-thumbnail size-thumbnail\" alt=\"\" loading=\"lazy\" \/><\/a>\n\t\t\t<\/dt><\/dl><dl class='gallery-item'>\n\t\t\t<dt class='gallery-icon landscape'>\n\t\t\t\t<a href='https:\/\/www.clairebouilhac.com\/?attachment_id=2765'><img width=\"150\" height=\"150\" src=\"https:\/\/www.clairebouilhac.com\/wp-content\/uploads\/2012\/03\/MagicM-p37-merde-COUL-150-150x150.jpg\" class=\"attachment-thumbnail size-thumbnail\" alt=\"\" loading=\"lazy\" srcset=\"https:\/\/www.clairebouilhac.com\/wp-content\/uploads\/2012\/03\/MagicM-p37-merde-COUL-150-150x150.jpg 150w, https:\/\/www.clairebouilhac.com\/wp-content\/uploads\/2012\/03\/MagicM-p37-merde-COUL-150-300x300.jpg 300w, https:\/\/www.clairebouilhac.com\/wp-content\/uploads\/2012\/03\/MagicM-p37-merde-COUL-150.jpg 591w\" sizes=\"(max-width: 150px) 100vw, 150px\" \/><\/a>\n\t\t\t<\/dt><\/dl><br style=\"clear: both\" \/><dl class='gallery-item'>\n\t\t\t<dt class='gallery-icon landscape'>\n\t\t\t\t<a href='https:\/\/www.clairebouilhac.com\/?attachment_id=2766'><img width=\"150\" height=\"150\" src=\"https:\/\/www.clairebouilhac.com\/wp-content\/uploads\/2012\/03\/MagicM-p38-bal-COUL-150-150x150.jpg\" class=\"attachment-thumbnail size-thumbnail\" alt=\"\" loading=\"lazy\" \/><\/a>\n\t\t\t<\/dt><\/dl><dl class='gallery-item'>\n\t\t\t<dt class='gallery-icon landscape'>\n\t\t\t\t<a href='https:\/\/www.clairebouilhac.com\/?attachment_id=2767'><img width=\"150\" height=\"150\" src=\"https:\/\/www.clairebouilhac.com\/wp-content\/uploads\/2012\/03\/MagicM-p39-amitie-COUL-150-150x150.jpg\" class=\"attachment-thumbnail size-thumbnail\" alt=\"\" loading=\"lazy\" srcset=\"https:\/\/www.clairebouilhac.com\/wp-content\/uploads\/2012\/03\/MagicM-p39-amitie-COUL-150-150x150.jpg 150w, https:\/\/www.clairebouilhac.com\/wp-content\/uploads\/2012\/03\/MagicM-p39-amitie-COUL-150-300x300.jpg 300w, https:\/\/www.clairebouilhac.com\/wp-content\/uploads\/2012\/03\/MagicM-p39-amitie-COUL-150.jpg 591w\" sizes=\"(max-width: 150px) 100vw, 150px\" \/><\/a>\n\t\t\t<\/dt><\/dl><dl class='gallery-item'>\n\t\t\t<dt class='gallery-icon landscape'>\n\t\t\t\t<a href='https:\/\/www.clairebouilhac.com\/?attachment_id=2768'><img width=\"150\" height=\"150\" src=\"https:\/\/www.clairebouilhac.com\/wp-content\/uploads\/2012\/03\/MagicM-p41-avion-fin-COUL-150-150x150.jpg\" class=\"attachment-thumbnail size-thumbnail\" alt=\"\" loading=\"lazy\" \/><\/a>\n\t\t\t<\/dt><\/dl><br style=\"clear: both\" \/>\n\t\t<\/div>\n\n","protected":false},"excerpt":{"rendered":"<p>Couleurs des \u00e9pisodes de la s\u00e9rie Marion et Charles, sc\u00e9nario Fanny Joly, dessin Catel Muller. Je bouquine, \u00e9ditions Bayard jeunesse.<\/p>\n","protected":false},"author":1,"featured_media":0,"parent":0,"menu_order":0,"comment_status":"open","ping_status":"open","template":"","meta":[],"aioseo_notices":[],"_links":{"self":[{"href":"https:\/\/www.clairebouilhac.com\/index.php?rest_route=\/wp\/v2\/pages\/2297"}],"collection":[{"href":"https:\/\/www.clairebouilhac.com\/index.php?rest_route=\/wp\/v2\/pages"}],"about":[{"href":"https:\/\/www.clairebouilhac.com\/index.php?rest_route=\/wp\/v2\/types\/page"}],"author":[{"embeddable":true,"href":"https:\/\/www.clairebouilhac.com\/index.php?rest_route=\/wp\/v2\/users\/1"}],"replies":[{"embeddable":true,"href":"https:\/\/www.clairebouilhac.com\/index.php?rest_route=%2Fwp%2Fv2%2Fcomments&post=2297"}],"version-history":[{"count":10,"href":"https:\/\/www.clairebouilhac.com\/index.php?rest_route=\/wp\/v2\/pages\/2297\/revisions"}],"predecessor-version":[{"id":5382,"href":"https:\/\/www.clairebouilhac.com\/index.php?rest_route=\/wp\/v2\/pages\/2297\/revisions\/5382"}],"wp:attachment":[{"href":"https:\/\/www.clairebouilhac.com\/index.php?rest_route=%2Fwp%2Fv2%2Fmedia&parent=2297"}],"curies":[{"name":"wp","href":"https:\/\/api.w.org\/{rel}","templated":true}]}}